 2058?
5
What is the hundreds digit of 873?
8
What is the thousands digit of 38536?
8
What is the tens digit of 196?
9
What is the ten thousands digit of 135074?
3
What is the ten thousands digit of 24465?
2
What is the tens digit of 18349?
4
What is the tens digit of 3244?
4
What is the thousands digit of 38649?
8
What is the units digit of 7240?
0
What is the hundreds digit of 233?
2
What is the hundreds digit of 1700?
7
What is the hundreds digit of 350?
3
What is the units digit of 19562?
2
What is the tens digit of 2576?
7
What is the thousands digit of 102678?
2
What is the hundreds digit of 469?
4
What is the tens digit of 640?
4
What is the tens digit of 119?
1
What is the thousands digit of 4996?
4
What is the tens digit of 131?
3
What is the hundreds digit of 18238?
2
What is the tens digit of 5327?
2
What is the tens digit of 11014?
1
What is the units digit of 207?
7
What is the units digit of 15227?
7
What is the thousands digit of 54486?
4
What is the thousands digit of 9024?
9
What is the units digit of 97143?
3
What is the hundreds digit of 983?
9
What is the thousands digit of 1220?
1
What is the ten thousands digit of 24366?
2
What is the tens digit of 554?
5
What is the tens digit of 2402?
0
What is the units digit of 1935?
5
What is the hundreds digit of 3717?
7
What is the hundreds digit of 3347?
3
What is the hundreds digit of 684?
6
What is the thousands digit of 1893?
1
What is the tens digit of 966?
6
What is the tens digit of 15515?
1
What is the thousands digit of 158293?
8
What is the thousands digit of 1293?
1
What is the units digit of 18636?
6
What is the tens digit of 3304?
0
What is the ten thousands digit of 14665?
1
What is the tens digit of 131475?
7
What is the thousands digit of 2160?
2
What is the hundreds digit of 9152?
1
What is the hundreds digit of 974?
9
What is the ten thousands digit of 32863?
3
What is the tens digit of 2266?
6
What is the hundreds digit of 866?
8
What is the tens digit of 61827?
2
What is the units digit of 97189?
9
What is the units digit of 94774?
4
What is the units digit of 1092?
2
What is the tens digit of 6347?
4
What is the hundreds digit of 1279?
2
What is the hundreds digit of 217?
2
What is the units digit of 417?
7
What is the thousands digit of 6079?
6
What is the tens digit of 2754?
5
What is the tens digit of 28057?
5
What is the tens digit of 49538?
3
What is the units digit of 1320?
0
What is the thousands digit of 1781?
1
What is the hundreds digit of 640?
6
What is the hundreds digit of 8770?
7
What is the ten thousands digit of 17489?
1
What is the ten thousands digit of 10960?
1
What is the ten thousands digit of 90604?
9
What is the units digit of 1257?
7
What is the hundreds digit of 1173?
1
What is the tens digit of 1436?
3
What is the thousands digit of 68307?
8
What is the ten thousands digit of 13621?
1
What is the hundreds digit of 17675?
6
What is the hundreds digit of 784?
7
What is the thousands digit of 57324?
7
What is the hundreds digit of 702?
7
What is the ten thousands digit of 49549?
4
What is the thousands digit of 151231?
1
What is the tens digit of 18662?
6
What is the hundreds digit of 1496?
4
What is the units digit of 290?
0
What is the units digit of 779?
9
What is the units digit of 2413?
3
What is the tens digit of 1128?
2
What is the thousands digit of 9628?
9
What is the units digit of 57229?
9
What is the units digit of 1009?
9
What is the ten thousands digit of 75112?
7
What is the tens digit of 94?
9
What is the ten thousands digit of 82082?
8
What is the tens digit of 3909?
0
What is the thousands digit of 5360?
5
What is the hundreds digit of 227?
2
What is the units digit of 19934?
4
What is the tens digit of 1834?
3
What is the tens digit of 4921?
2
What is the units digit of 610?
0
What is the tens digit of 599?
9
What is the hundreds digit of 13546?
5
What is the units digit of 6273?
3
What is the thousands digit of 52648?
2
What is the tens digit of 3010?
1
What is the thousands digit of 104998?
4
What is the tens digit of 2478?
7
What is the thousands digit of 5538?
5
What is the units digit of 7435?
5
What is the hundreds digit of 3114?
1
What is the thousands digit of 53409?
3
What is the units digit of 43207?
7
What is the tens digit of 279?
7
What is the units digit of 931?
1
What is the thousands digit of 7080?
7
What is the thousands digit of 10425?
0
What is the units digit of 64922?
2
What is the hundreds digit of 489?
4
What is the thousands digit of 8364?
8
What is the tens digit of 5723?
2
What is the tens digit of 9677?
7
What is the units digit of 2552?
2
What is the hundred thousands digit of 101423?
1
What is the hundreds digit of 963?
9
What is the tens digit of 62130?
3
What is the units digit of 2268?
8
What is the tens digit of 134680?
8
What is the tens digit of 6370?
7
What is the thousands digit of 6109?
6
What is the units digit of 846?
6
What is the thousands digit of 2861?
2
What is the hundreds digit of 3884?
8
What is the units digit of 1122?
2
What is the tens digit of 4673?
7
What is the hundreds digit of 6256?
2
What is the ten thousands digit of 16094?
1
What is the units digit of 8258?
8
What is the hundreds digit of 951?
9
What is the units digit of 56941?
1
What is the hundreds digit of 1513?
5
What is the units digit of 2449?
9
What is the thousands digit of 3711?
3
What is the units digit of 169107?
7
What is the tens digit of 75729?
2
What is the tens digit of 40600?
0
What is the ten thousands digit of 15286?
1
What is the units digit of 997?
7
What is the thousands digit of 9712?
9
What is the units digit of 1026?
6
What is the hundreds digit of 3208?
2
What is the ten thousands digit of 17101?
1
What is the ten thousands digit of 31973?
3
What is the units digit of 16753?
3
What is the hundreds digit of 1942?
9
What is the units digit of 47817?
7
What is the units digit of 68395?
5
What is the tens digit of 2124?
2
What is the units digit of 983?
3
What is the thousands digit of 2047?
2
What is the hundreds digit of 437?
4
What is the thousands digit of 18267?
8
What is the units digit of 3015?
5
What is the thousands digit of 52787?
2
What is the hundreds digit of 3878?
8
What is the hundreds digit of 38596?
5
What is the tens digit of 699?
9
What is the units digit of 8791?
1
What is the thousands digit of 14447?
4
What is the units digit of 478?
8
What is the ten thousands digit of 14635?
1
What is the tens digit of 17155?
5
What is the hundreds digit of 399?
3
What is the units digit of 860?
0
What is the hundreds digit of 4106?
1
What is the tens digit of 428?
2
What is the thousands digit of 3530?
3
What is the tens digit of 149187?
8
What is the thousands digit of 8047?
8
What is the hundreds digit of 2622?
6
What is the thousands digit of 75109?
5
What is the hundreds digit of 12619?
6
What is the ten thousands digit of 163455?
6
What is the units digit of 39340?
0
What is the tens digit of 104412?
1
What is the thousands digit of 2578?
2
What is the units digit of 22159?
9
What is the units digit of 18012?
2
What is the units digit of 93793?
3
What is the units digit of 113027?
7
What is the tens digit of 28159?
5
What is the tens digit of 4875?
7
What is the hundreds digit of 120321?
3
What is the hundreds digit of 3927?
9
What is the hundreds digit of 16699?
6
What is the hundreds digit of 408?
4
What is the hundreds digit of 1065?
0
What is the units digit of 5650?
0
What is the hundreds digit of 81389?
3
What is the tens digit of 19536?
3
What is the tens digit of 1184?
8
What is the units digit of 43946?
6
What is the tens digit of 3800?
0
What is the tens digit of 8658?
5
What is the units digit of 1344?
4
What is the tens digit of 1880?
8
What is the units digit of 16244?
4
What is the units digit of 2281?
1
What is the tens digit of 90?
9
What is the ten thousands digit of 79033?
7
What is the tens digit of 5949?
4
What is the hundreds digit of 3168?
1
What is the thousands digit of 6792?
6
What is the thousands digit of 28944?
8
What is the units digit of 3833?
3
What is the hundreds digit of 5297?
2
What is the ten thousands digit of 11348?
1
What is the thousands digit of 118660?
8
What is the units digit of 3031?
1
What is the tens digit of 31?
3
What is th